{"id":272,"date":"2019-11-16T20:10:59","date_gmt":"2019-11-16T20:10:59","guid":{"rendered":"http:\/\/aufdergethe.de\/?page_id=272"},"modified":"2019-11-16T20:10:59","modified_gmt":"2019-11-16T20:10:59","slug":"anlage","status":"publish","type":"page","link":"https:\/\/aufdergethe.de\/?page_id=272","title":{"rendered":"Anlage"},"content":{"rendered":"\n<h4 class=\"wp-block-heading\">\u00dcberblick<\/h4>\n\n\n\n<figure class=\"wp-block-image size-large\"><img loading=\"lazy\" decoding=\"async\" width=\"1024\" height=\"559\" src=\"https:\/\/aufdergethe.de\/wp-content\/uploads\/2019\/11\/Pl\u00e4tze2-1024x559.jpg\" alt=\"\" class=\"wp-image-279\" srcset=\"https:\/\/aufdergethe.de\/wp-content\/uploads\/2019\/11\/Pl\u00e4tze2-1024x559.jpg 1024w, https:\/\/aufdergethe.de\/wp-content\/uploads\/2019\/11\/Pl\u00e4tze2-300x164.jpg 300w, https:\/\/aufdergethe.de\/wp-content\/uploads\/2019\/11\/Pl\u00e4tze2-768x419.jpg 768w, https:\/\/aufdergethe.de\/wp-content\/uploads\/2019\/11\/Pl\u00e4tze2-1536x838.jpg 1536w, https:\/\/aufdergethe.de\/wp-content\/uploads\/2019\/11\/Pl\u00e4tze2.jpg 1920w\" sizes=\"auto, (max-width: 706px) 89vw, (max-width: 767px) 82vw, 740px\" \/><\/figure>\n\n\n\n<h4 class=\"wp-block-heading\">Kleine Halle (20x40m)<\/h4>\n\n\n\n<figure class=\"wp-block-gallery columns-2 is-cropped wp-block-gallery-1 is-layout-flex wp-block-gallery-is-layout-flex\"><ul class=\"blocks-gallery-grid\"><li class=\"blocks-gallery-item\"><figure><img loading=\"lazy\" decoding=\"async\" width=\"1024\" height=\"552\" src=\"https:\/\/aufdergethe.de\/wp-content\/uploads\/2019\/11\/kleine-Halle1-1024x552.jpg\" alt=\"\" data-id=\"273\" data-link=\"https:\/\/aufdergethe.de\/?attachment_id=273\" class=\"wp-image-273\" srcset=\"https:\/\/aufdergethe.de\/wp-content\/uploads\/2019\/11\/kleine-Halle1-1024x552.jpg 1024w, https:\/\/aufdergethe.de\/wp-content\/uploads\/2019\/11\/kleine-Halle1-300x162.jpg 300w, https:\/\/aufdergethe.de\/wp-content\/uploads\/2019\/11\/kleine-Halle1-768x414.jpg 768w, https:\/\/aufdergethe.de\/wp-content\/uploads\/2019\/11\/kleine-Halle1.jpg 1280w\" sizes=\"auto, (max-width: 706px) 89vw, (max-width: 767px) 82vw, 740px\" \/><\/figure><\/li><li class=\"blocks-gallery-item\"><figure><img loading=\"lazy\" decoding=\"async\" width=\"1024\" height=\"561\" src=\"https:\/\/aufdergethe.de\/wp-content\/uploads\/2019\/11\/kleine-Halle2-1024x561.jpg\" alt=\"\" data-id=\"274\" data-full-url=\"https:\/\/aufdergethe.de\/wp-content\/uploads\/2019\/11\/kleine-Halle2.jpg\" data-link=\"https:\/\/aufdergethe.de\/?attachment_id=274\" class=\"wp-image-274\" srcset=\"https:\/\/aufdergethe.de\/wp-content\/uploads\/2019\/11\/kleine-Halle2-1024x561.jpg 1024w, https:\/\/aufdergethe.de\/wp-content\/uploads\/2019\/11\/kleine-Halle2-300x164.jpg 300w, https:\/\/aufdergethe.de\/wp-content\/uploads\/2019\/11\/kleine-Halle2-768x421.jpg 768w, https:\/\/aufdergethe.de\/wp-content\/uploads\/2019\/11\/kleine-Halle2.jpg 1280w\" sizes=\"auto, (max-width: 706px) 89vw, (max-width: 767px) 82vw, 740px\" \/><\/figure><\/li><\/ul><\/figure>\n\n\n\n<h4 class=\"wp-block-heading\">Gro\u00dfe Halle (20x60m)<\/h4>\n\n\n\n<figure class=\"wp-block-gallery columns-2 is-cropped wp-block-gallery-2 is-layout-flex wp-block-gallery-is-layout-flex\"><ul class=\"blocks-gallery-grid\"><li class=\"blocks-gallery-item\"><figure><img loading=\"lazy\" decoding=\"async\" width=\"1024\" height=\"432\" src=\"https:\/\/aufdergethe.de\/wp-content\/uploads\/2019\/11\/gro\u00dfe-Halle1-1024x432.jpg\" alt=\"\" data-id=\"275\" data-full-url=\"https:\/\/aufdergethe.de\/wp-content\/uploads\/2019\/11\/gro\u00dfe-Halle1.jpg\" data-link=\"https:\/\/aufdergethe.de\/?attachment_id=275\" class=\"wp-image-275\" srcset=\"https:\/\/aufdergethe.de\/wp-content\/uploads\/2019\/11\/gro\u00dfe-Halle1-1024x432.jpg 1024w, https:\/\/aufdergethe.de\/wp-content\/uploads\/2019\/11\/gro\u00dfe-Halle1-300x127.jpg 300w, https:\/\/aufdergethe.de\/wp-content\/uploads\/2019\/11\/gro\u00dfe-Halle1-768x324.jpg 768w, https:\/\/aufdergethe.de\/wp-content\/uploads\/2019\/11\/gro\u00dfe-Halle1-1536x648.jpg 1536w, https:\/\/aufdergethe.de\/wp-content\/uploads\/2019\/11\/gro\u00dfe-Halle1.jpg 1920w\" sizes=\"auto, (max-width: 706px) 89vw, (max-width: 767px) 82vw, 740px\" \/><\/figure><\/li><li class=\"blocks-gallery-item\"><figure><img loading=\"lazy\" decoding=\"async\" width=\"1024\" height=\"558\" src=\"https:\/\/aufdergethe.de\/wp-content\/uploads\/2019\/11\/gro\u00dfe-Halle2-1024x558.jpg\" alt=\"\" data-id=\"276\" data-full-url=\"https:\/\/aufdergethe.de\/wp-content\/uploads\/2019\/11\/gro\u00dfe-Halle2.jpg\" data-link=\"https:\/\/aufdergethe.de\/?attachment_id=276\" class=\"wp-image-276\" srcset=\"https:\/\/aufdergethe.de\/wp-content\/uploads\/2019\/11\/gro\u00dfe-Halle2-1024x558.jpg 1024w, https:\/\/aufdergethe.de\/wp-content\/uploads\/2019\/11\/gro\u00dfe-Halle2-300x164.jpg 300w, https:\/\/aufdergethe.de\/wp-content\/uploads\/2019\/11\/gro\u00dfe-Halle2-768x419.jpg 768w, https:\/\/aufdergethe.de\/wp-content\/uploads\/2019\/11\/gro\u00dfe-Halle2-1536x838.jpg 1536w, https:\/\/aufdergethe.de\/wp-content\/uploads\/2019\/11\/gro\u00dfe-Halle2.jpg 1920w\" sizes=\"auto, (max-width: 706px) 89vw, (max-width: 767px) 82vw, 740px\" \/><\/figure><\/li><\/ul><\/figure>\n\n\n\n<h4 class=\"wp-block-heading\">Springplatz<\/h4>\n\n\n\n<figure class=\"wp-block-image size-large\"><img loading=\"lazy\" decoding=\"async\" width=\"1024\" height=\"579\" src=\"https:\/\/aufdergethe.de\/wp-content\/uploads\/2019\/11\/Springplatz-1024x579.jpg\" alt=\"\" class=\"wp-image-277\" srcset=\"https:\/\/aufdergethe.de\/wp-content\/uploads\/2019\/11\/Springplatz-1024x579.jpg 1024w, https:\/\/aufdergethe.de\/wp-content\/uploads\/2019\/11\/Springplatz-300x170.jpg 300w, https:\/\/aufdergethe.de\/wp-content\/uploads\/2019\/11\/Springplatz-768x434.jpg 768w, https:\/\/aufdergethe.de\/wp-content\/uploads\/2019\/11\/Springplatz-1536x869.jpg 1536w, https:\/\/aufdergethe.de\/wp-content\/uploads\/2019\/11\/Springplatz.jpg 1910w\" sizes=\"auto, (max-width: 706px) 89vw, (max-width: 767px) 82vw, 740px\" \/><\/figure>\n\n\n\n<h4 class=\"wp-block-heading\">Dressurpl\u00e4tze<\/h4>\n\n\n\n<figure class=\"wp-block-image size-large\"><img loading=\"lazy\" decoding=\"async\" width=\"1024\" height=\"576\" src=\"https:\/\/aufdergethe.de\/wp-content\/uploads\/2019\/11\/Pl\u00e4tze-1024x576.jpg\" alt=\"\" class=\"wp-image-278\" srcset=\"https:\/\/aufdergethe.de\/wp-content\/uploads\/2019\/11\/Pl\u00e4tze-1024x576.jpg 1024w, https:\/\/aufdergethe.de\/wp-content\/uploads\/2019\/11\/Pl\u00e4tze-300x169.jpg 300w, https:\/\/aufdergethe.de\/wp-content\/uploads\/2019\/11\/Pl\u00e4tze-768x432.jpg 768w, https:\/\/aufdergethe.de\/wp-content\/uploads\/2019\/11\/Pl\u00e4tze-1536x864.jpg 1536w, https:\/\/aufdergethe.de\/wp-content\/uploads\/2019\/11\/Pl\u00e4tze.jpg 1920w\" sizes=\"auto, (max-width: 706px) 89vw, (max-width: 767px) 82vw, 740px\" \/><\/figure>\n","protected":false},"excerpt":{"rendered":"<p>\u00dcberblick Kleine Halle (20x40m) Gro\u00dfe Halle (20x60m) Springplatz Dressurpl\u00e4tze<\/p>\n","protected":false},"author":1,"featured_media":0,"parent":0,"menu_order":0,"comment_status":"closed","ping_status":"closed","template":"","meta":{"footnotes":""},"class_list":["post-272","page","type-page","status-publish","hentry"],"_links":{"self":[{"href":"https:\/\/aufdergethe.de\/index.php?rest_route=\/wp\/v2\/pages\/272","targetHints":{"allow":["GET"]}}],"collection":[{"href":"https:\/\/aufdergethe.de\/index.php?rest_route=\/wp\/v2\/pages"}],"about":[{"href":"https:\/\/aufdergethe.de\/index.php?rest_route=\/wp\/v2\/types\/page"}],"author":[{"embeddable":true,"href":"https:\/\/aufdergethe.de\/index.php?rest_route=\/wp\/v2\/users\/1"}],"replies":[{"embeddable":true,"href":"https:\/\/aufdergethe.de\/index.php?rest_route=%2Fwp%2Fv2%2Fcomments&post=272"}],"version-history":[{"count":1,"href":"https:\/\/aufdergethe.de\/index.php?rest_route=\/wp\/v2\/pages\/272\/revisions"}],"predecessor-version":[{"id":280,"href":"https:\/\/aufdergethe.de\/index.php?rest_route=\/wp\/v2\/pages\/272\/revisions\/280"}],"wp:attachment":[{"href":"https:\/\/aufdergethe.de\/index.php?rest_route=%2Fwp%2Fv2%2Fmedia&parent=272"}],"curies":[{"name":"wp","href":"https:\/\/api.w.org\/{rel}","templated":true}]}}