{"id":287,"date":"2019-11-16T20:22:08","date_gmt":"2019-11-16T20:22:08","guid":{"rendered":"http:\/\/aufdergethe.de\/?page_id=287"},"modified":"2019-11-16T20:22:08","modified_gmt":"2019-11-16T20:22:08","slug":"rechtliche-hinweise","status":"publish","type":"page","link":"https:\/\/aufdergethe.de\/?page_id=287","title":{"rendered":"Rechtliche Hinweise"},"content":{"rendered":"\n<h4 class=\"wp-block-heading\"><strong>Fotoaufnahmen<\/strong><\/h4>\n\n\n\n<p>W\u00e4hrend unserer Veranstaltungen werden regelm\u00e4\u00dfig Fotos gemacht, welche auf unserer Homepage, Facebook- und Instagramseite ver\u00f6ffentlicht werden. Die Personendarstellung auf diesen Fotos erfolgt mehr oder weniger zuf\u00e4llig.<\/p>\n\n\n\n<p>Mit dem Betreten des Gel\u00e4ndes sowie der R\u00e4umlichkeiten des ZRFV Auf der Gethe e. V., erfolgt die Einwilligung der anwesenden Personen zur unentgeltlichen Ver\u00f6ffentlichung und zwar&nbsp;<strong>ohne dass es einer ausdr\u00fccklichen Erkl\u00e4rung der betreffenden Personen bedarf.<\/strong><\/p>\n\n\n\n<p>Sollte eine anwesende Person&nbsp;<strong>nicht&nbsp;<\/strong>mit einer Ver\u00f6ffentlichung seiner Fotos einverstanden sein, bitten wir um&nbsp;<strong>sofortige Mitteilung an die anwesenden Fotografen bzw. Vorstandsmitglieder des ZRFV Auf der Gethe.<\/strong><\/p>\n\n\n\n<p>Sollte eine Person mit bereits ver\u00f6ffentlichten Fotos nicht einverstanden sein, bitten wir um umgehende Benachrichtigung per E-Mail, Telefon oder Post. Hierbei bitte die genaue Bezeichnung des entsprechenden Fotos angeben. In einem solchen Fall wird das Foto entfernt und nicht weiter ver\u00f6ffentlicht.<\/p>\n\n\n\n<p>Der Vorstand des<br>ZRFV Auf der Gethe e. V.<\/p>\n","protected":false},"excerpt":{"rendered":"<p>Fotoaufnahmen W\u00e4hrend unserer Veranstaltungen werden regelm\u00e4\u00dfig Fotos gemacht, welche auf unserer Homepage, Facebook- und Instagramseite ver\u00f6ffentlicht werden. Die Personendarstellung auf diesen Fotos erfolgt mehr oder weniger zuf\u00e4llig. Mit dem Betreten des Gel\u00e4ndes sowie der R\u00e4umlichkeiten des ZRFV Auf der Gethe e. V., erfolgt die Einwilligung der anwesenden Personen zur unentgeltlichen Ver\u00f6ffentlichung und zwar&nbsp;ohne dass es &hellip; <\/p>\n<p class=\"link-more\"><a href=\"https:\/\/aufdergethe.de\/?page_id=287\" class=\"more-link\"><span class=\"screen-reader-text\">\u201eRechtliche Hinweise\u201c<\/span> weiterlesen<\/a><\/p>\n","protected":false},"author":1,"featured_media":0,"parent":0,"menu_order":0,"comment_status":"closed","ping_status":"closed","template":"","meta":{"footnotes":""},"class_list":["post-287","page","type-page","status-publish","hentry"],"_links":{"self":[{"href":"https:\/\/aufdergethe.de\/index.php?rest_route=\/wp\/v2\/pages\/287","targetHints":{"allow":["GET"]}}],"collection":[{"href":"https:\/\/aufdergethe.de\/index.php?rest_route=\/wp\/v2\/pages"}],"about":[{"href":"https:\/\/aufdergethe.de\/index.php?rest_route=\/wp\/v2\/types\/page"}],"author":[{"embeddable":true,"href":"https:\/\/aufdergethe.de\/index.php?rest_route=\/wp\/v2\/users\/1"}],"replies":[{"embeddable":true,"href":"https:\/\/aufdergethe.de\/index.php?rest_route=%2Fwp%2Fv2%2Fcomments&post=287"}],"version-history":[{"count":1,"href":"https:\/\/aufdergethe.de\/index.php?rest_route=\/wp\/v2\/pages\/287\/revisions"}],"predecessor-version":[{"id":288,"href":"https:\/\/aufdergethe.de\/index.php?rest_route=\/wp\/v2\/pages\/287\/revisions\/288"}],"wp:attachment":[{"href":"https:\/\/aufdergethe.de\/index.php?rest_route=%2Fwp%2Fv2%2Fmedia&parent=287"}],"curies":[{"name":"wp","href":"https:\/\/api.w.org\/{rel}","templated":true}]}}

<h4 class="wp-block-heading"><strong>Fotoaufnahmen</strong></h4>



<p>Während unserer Veranstaltungen werden regelmäßig Fotos gemacht, welche auf unserer Homepage, Facebook- und Instagramseite veröffentlicht werden. Die Personendarstellung auf diesen Fotos erfolgt mehr oder weniger zufällig.</p>



<p>Mit dem Betreten des Geländes sowie der Räumlichkeiten des ZRFV Auf der Gethe e. V., erfolgt die Einwilligung der anwesenden Personen zur unentgeltlichen Veröffentlichung und zwar&nbsp;<strong>ohne dass es einer ausdrücklichen Erklärung der betreffenden Personen bedarf.</strong></p>



<p>Sollte eine anwesende Person&nbsp;<strong>nicht&nbsp;</strong>mit einer Veröffentlichung seiner Fotos einverstanden sein, bitten wir um&nbsp;<strong>sofortige Mitteilung an die anwesenden Fotografen bzw. Vorstandsmitglieder des ZRFV Auf der Gethe.</strong></p>



<p>Sollte eine Person mit bereits veröffentlichten Fotos nicht einverstanden sein, bitten wir um umgehende Benachrichtigung per E-Mail, Telefon oder Post. Hierbei bitte die genaue Bezeichnung des entsprechenden Fotos angeben. In einem solchen Fall wird das Foto entfernt und nicht weiter veröffentlicht.</p>



<p>Der Vorstand des<br>ZRFV Auf der Gethe e. V.</p>

<p>Fotoaufnahmen Während unserer Veranstaltungen werden regelmäßig Fotos gemacht, welche auf unserer Homepage, Facebook- und Instagramseite veröffentlicht werden. Die Personendarstellung auf diesen Fotos erfolgt mehr oder weniger zufällig. Mit dem Betreten des Geländes sowie der Räumlichkeiten des ZRFV Auf der Gethe e. V., erfolgt die Einwilligung der anwesenden Personen zur unentgeltlichen Veröffentlichung und zwar&nbsp;ohne dass es &hellip; </p>
<p class="link-more"><a href="https://aufdergethe.de/?page_id=287" class="more-link"><span class="screen-reader-text">„Rechtliche Hinweise“</span> weiterlesen</a></p>
