{"id":64,"date":"2019-11-10T22:50:03","date_gmt":"2019-11-10T22:50:03","guid":{"rendered":"http:\/\/aufdergethe.de\/?page_id=64"},"modified":"2025-05-13T08:00:07","modified_gmt":"2025-05-13T08:00:07","slug":"vorstand","status":"publish","type":"page","link":"https:\/\/aufdergethe.de\/?page_id=64","title":{"rendered":"Vorstand"},"content":{"rendered":"\n<figure class=\"wp-block-table\"><table><tbody><tr><td>1. Vorsitzender<\/td><td>Georg D\u00f6lger<\/td><\/tr><tr><td>2. Vorsitzender<\/td><td>Janna St\u00fcwe<\/td><\/tr><tr><td>Gesch\u00e4ftsf\u00fchrerin<\/td><td>Jana Bernd-Striebeck<\/td><\/tr><tr><td>Kassenwartin<\/td><td>Anabel Winter<\/td><\/tr><tr><td>Jugendwartin<\/td><td>Stefanie H\u00f6gener<\/td><\/tr><tr><td>Ehrenvorsitzender<\/td><td>Erhard D\u00f6lger<\/td><\/tr><\/tbody><\/table><\/figure>\n\n\n\n<p><\/p>\n","protected":false},"excerpt":{"rendered":"<p>1. Vorsitzender Georg D\u00f6lger 2. Vorsitzender Janna St\u00fcwe Gesch\u00e4ftsf\u00fchrerin Jana Bernd-Striebeck Kassenwartin Anabel Winter Jugendwartin Stefanie H\u00f6gener Ehrenvorsitzender Erhard D\u00f6lger<\/p>\n","protected":false},"author":1,"featured_media":0,"parent":0,"menu_order":0,"comment_status":"closed","ping_status":"closed","template":"","meta":{"footnotes":""},"class_list":["post-64","page","type-page","status-publish","hentry"],"_links":{"self":[{"href":"https:\/\/aufdergethe.de\/index.php?rest_route=\/wp\/v2\/pages\/64","targetHints":{"allow":["GET"]}}],"collection":[{"href":"https:\/\/aufdergethe.de\/index.php?rest_route=\/wp\/v2\/pages"}],"about":[{"href":"https:\/\/aufdergethe.de\/index.php?rest_route=\/wp\/v2\/types\/page"}],"author":[{"embeddable":true,"href":"https:\/\/aufdergethe.de\/index.php?rest_route=\/wp\/v2\/users\/1"}],"replies":[{"embeddable":true,"href":"https:\/\/aufdergethe.de\/index.php?rest_route=%2Fwp%2Fv2%2Fcomments&post=64"}],"version-history":[{"count":5,"href":"https:\/\/aufdergethe.de\/index.php?rest_route=\/wp\/v2\/pages\/64\/revisions"}],"predecessor-version":[{"id":897,"href":"https:\/\/aufdergethe.de\/index.php?rest_route=\/wp\/v2\/pages\/64\/revisions\/897"}],"wp:attachment":[{"href":"https:\/\/aufdergethe.de\/index.php?rest_route=%2Fwp%2Fv2%2Fmedia&parent=64"}],"curies":[{"name":"wp","href":"https:\/\/api.w.org\/{rel}","templated":true}]}}

<figure class="wp-block-table"><table><tbody><tr><td>1. Vorsitzender</td><td>Georg Dölger</td></tr><tr><td>2. Vorsitzender</td><td>Janna Stüwe</td></tr><tr><td>Geschäftsführerin</td><td>Jana Bernd-Striebeck</td></tr><tr><td>Kassenwartin</td><td>Anabel Winter</td></tr><tr><td>Jugendwartin</td><td>Stefanie Högener</td></tr><tr><td>Ehrenvorsitzender</td><td>Erhard Dölger</td></tr></tbody></table></figure>



<p></p>

<p>1. Vorsitzender Georg Dölger 2. Vorsitzender Janna Stüwe Geschäftsführerin Jana Bernd-Striebeck Kassenwartin Anabel Winter Jugendwartin Stefanie Högener Ehrenvorsitzender Erhard Dölger</p>
