{"id":76,"date":"2019-11-10T22:50:03","date_gmt":"2019-11-10T22:50:03","guid":{"rendered":"http:\/\/aufdergethe.de\/?page_id=76"},"modified":"2024-05-29T12:10:36","modified_gmt":"2024-05-29T12:10:36","slug":"allgemeines","status":"publish","type":"page","link":"https:\/\/aufdergethe.de\/?page_id=76","title":{"rendered":"Jugend"},"content":{"rendered":"\n<p>Hier findet Ihr alle m\u00f6glichen Infos \u00fcber uns &#8211; \u00fcber Veranstaltungen, Fahrten und Aktionen,&nbsp;<br>die wir planen. Habt ihr Fragen oder Anregungen? Dann wendet Euch einfach an Eure Jugendsprecher oder schickt uns eine Mail.&nbsp;&nbsp;&nbsp;&nbsp;<em><strong>Eure Gethejugend<\/strong><\/em><\/p>\n\n\n\n<h3 class=\"wp-block-heading\">Unser neuer Jugendvorstand<\/h3>\n\n\n\n<figure class=\"wp-block-image size-large\"><img loading=\"lazy\" decoding=\"async\" width=\"1024\" height=\"768\" src=\"https:\/\/aufdergethe.de\/wp-content\/uploads\/2024\/05\/IMG-20240422-WA0101-1024x768.jpeg\" alt=\"\" class=\"wp-image-858\" srcset=\"https:\/\/aufdergethe.de\/wp-content\/uploads\/2024\/05\/IMG-20240422-WA0101-1024x768.jpeg 1024w, https:\/\/aufdergethe.de\/wp-content\/uploads\/2024\/05\/IMG-20240422-WA0101-300x225.jpeg 300w, https:\/\/aufdergethe.de\/wp-content\/uploads\/2024\/05\/IMG-20240422-WA0101-768x576.jpeg 768w, https:\/\/aufdergethe.de\/wp-content\/uploads\/2024\/05\/IMG-20240422-WA0101-1536x1152.jpeg 1536w, https:\/\/aufdergethe.de\/wp-content\/uploads\/2024\/05\/IMG-20240422-WA0101.jpeg 2048w\" sizes=\"auto, (max-width: 706px) 89vw, (max-width: 767px) 82vw, 740px\" \/><figcaption class=\"wp-element-caption\">hinten v.l.n.r. Angi, Anke &amp; Sandra<br>vorne v.l.n.r. Steffi, Anna &amp; Ursi<\/figcaption><\/figure>\n","protected":false},"excerpt":{"rendered":"<p>Hier findet Ihr alle m\u00f6glichen Infos \u00fcber uns &#8211; \u00fcber Veranstaltungen, Fahrten und Aktionen,&nbsp;die wir planen. Habt ihr Fragen oder Anregungen? Dann wendet Euch einfach an Eure Jugendsprecher oder schickt uns eine Mail.&nbsp;&nbsp;&nbsp;&nbsp;Eure Gethejugend Unser neuer Jugendvorstand<\/p>\n","protected":false},"author":1,"featured_media":0,"parent":0,"menu_order":0,"comment_status":"closed","ping_status":"closed","template":"","meta":{"footnotes":""},"class_list":["post-76","page","type-page","status-publish","hentry"],"_links":{"self":[{"href":"https:\/\/aufdergethe.de\/index.php?rest_route=\/wp\/v2\/pages\/76","targetHints":{"allow":["GET"]}}],"collection":[{"href":"https:\/\/aufdergethe.de\/index.php?rest_route=\/wp\/v2\/pages"}],"about":[{"href":"https:\/\/aufdergethe.de\/index.php?rest_route=\/wp\/v2\/types\/page"}],"author":[{"embeddable":true,"href":"https:\/\/aufdergethe.de\/index.php?rest_route=\/wp\/v2\/users\/1"}],"replies":[{"embeddable":true,"href":"https:\/\/aufdergethe.de\/index.php?rest_route=%2Fwp%2Fv2%2Fcomments&post=76"}],"version-history":[{"count":7,"href":"https:\/\/aufdergethe.de\/index.php?rest_route=\/wp\/v2\/pages\/76\/revisions"}],"predecessor-version":[{"id":860,"href":"https:\/\/aufdergethe.de\/index.php?rest_route=\/wp\/v2\/pages\/76\/revisions\/860"}],"wp:attachment":[{"href":"https:\/\/aufdergethe.de\/index.php?rest_route=%2Fwp%2Fv2%2Fmedia&parent=76"}],"curies":[{"name":"wp","href":"https:\/\/api.w.org\/{rel}","templated":true}]}}

<p>Hier findet Ihr alle möglichen Infos über uns &#8211; über Veranstaltungen, Fahrten und Aktionen,&nbsp;<br>die wir planen. Habt ihr Fragen oder Anregungen? Dann wendet Euch einfach an Eure Jugendsprecher oder schickt uns eine Mail.&nbsp;&nbsp;&nbsp;&nbsp;<em><strong>Eure Gethejugend</strong></em></p>



<h3 class="wp-block-heading">Unser neuer Jugendvorstand</h3>



<figure class="wp-block-image size-large"><img loading="lazy" decoding="async" width="1024" height="768" src="https://aufdergethe.de/wp-content/uploads/2024/05/IMG-20240422-WA0101-1024x768.jpeg" alt="" class="wp-image-858" srcset="https://aufdergethe.de/wp-content/uploads/2024/05/IMG-20240422-WA0101-1024x768.jpeg 1024w, https://aufdergethe.de/wp-content/uploads/2024/05/IMG-20240422-WA0101-300x225.jpeg 300w, https://aufdergethe.de/wp-content/uploads/2024/05/IMG-20240422-WA0101-768x576.jpeg 768w, https://aufdergethe.de/wp-content/uploads/2024/05/IMG-20240422-WA0101-1536x1152.jpeg 1536w, https://aufdergethe.de/wp-content/uploads/2024/05/IMG-20240422-WA0101.jpeg 2048w" sizes="auto, (max-width: 706px) 89vw, (max-width: 767px) 82vw, 740px" /><figcaption class="wp-element-caption">hinten v.l.n.r. Angi, Anke &amp; Sandra<br>vorne v.l.n.r. Steffi, Anna &amp; Ursi</figcaption></figure>

<p>Hier findet Ihr alle möglichen Infos über uns &#8211; über Veranstaltungen, Fahrten und Aktionen,&nbsp;die wir planen. Habt ihr Fragen oder Anregungen? Dann wendet Euch einfach an Eure Jugendsprecher oder schickt uns eine Mail.&nbsp;&nbsp;&nbsp;&nbsp;Eure Gethejugend Unser neuer Jugendvorstand</p>
